{"id":112,"date":"2018-06-08T06:32:16","date_gmt":"2018-06-08T06:32:16","guid":{"rendered":"http:\/\/bcfrutigen.ch\/?page_id=112"},"modified":"2025-11-03T17:54:28","modified_gmt":"2025-11-03T17:54:28","slug":"sponsoren","status":"publish","type":"page","link":"http:\/\/bcfrutigen.ch\/?page_id=112","title":{"rendered":"Sponsoren"},"content":{"rendered":"<p>Wie werde ich Sponsor des BC Frutigen?<br \/>\nMelde dich bei Beat unter <a href=\"mailto:info@bcfrutigen.ch\">info@bcfrutigen.ch<\/a><\/p>\n<p><span style=\"font-weight: 400;\">Unsere Infrastruktur k\u00f6nnen wir nur unterhalten Dank der grossz\u00fcgigen Unterst\u00fctzung unserer Sponsoren. Vielen Dank!<\/span><\/p>\n<h1><span style=\"font-weight: 400;\">Unserer Sponsoren:<\/span><\/h1>\n<p><img loading=\"lazy\" decoding=\"async\" class=\"alignnone wp-image-1152 size-medium\" src=\"http:\/\/bcfrutigen.ch\/wp-content\/uploads\/2025\/05\/slf_Generelle_Vorlage-300x75.png\" alt=\"\" width=\"300\" height=\"75\" srcset=\"http:\/\/bcfrutigen.ch\/wp-content\/uploads\/2025\/05\/slf_Generelle_Vorlage-300x75.png 300w, http:\/\/bcfrutigen.ch\/wp-content\/uploads\/2025\/05\/slf_Generelle_Vorlage-768x192.png 768w, http:\/\/bcfrutigen.ch\/wp-content\/uploads\/2025\/05\/slf_Generelle_Vorlage-1024x256.png 1024w\" sizes=\"auto, (max-width: 300px) 100vw, 300px\" \/><\/p>\n<h3>SLF<\/h3>\n<p><a href=\"https:\/\/www.slfrutigen.ch\/\">Webseite<\/a><\/p>\n<p><img loading=\"lazy\" decoding=\"async\" class=\"alignnone size-medium wp-image-592\" src=\"http:\/\/bcfrutigen.ch\/wp-content\/uploads\/2023\/04\/DDZ-Logo-ab-2019-Schrift-regular-300x99.jpg\" alt=\"\" width=\"300\" height=\"99\" srcset=\"http:\/\/bcfrutigen.ch\/wp-content\/uploads\/2023\/04\/DDZ-Logo-ab-2019-Schrift-regular-300x99.jpg 300w, http:\/\/bcfrutigen.ch\/wp-content\/uploads\/2023\/04\/DDZ-Logo-ab-2019-Schrift-regular-768x252.jpg 768w, http:\/\/bcfrutigen.ch\/wp-content\/uploads\/2023\/04\/DDZ-Logo-ab-2019-Schrift-regular-1024x337.jpg 1024w, http:\/\/bcfrutigen.ch\/wp-content\/uploads\/2023\/04\/DDZ-Logo-ab-2019-Schrift-regular.jpg 1241w\" sizes=\"auto, (max-width: 300px) 100vw, 300px\" \/><\/p>\n<h3>Dellendr\u00fcckzentrum AG<\/h3>\n<p><a href=\"https:\/\/ddz.ch\/\">Webseite<\/a><\/p>\n<p><img loading=\"lazy\" decoding=\"async\" class=\"alignnone size-medium wp-image-747\" src=\"http:\/\/bcfrutigen.ch\/wp-content\/uploads\/2023\/06\/allenbach-holzbau_solartechnik-logo_white-300x121.png\" alt=\"\" width=\"300\" height=\"121\" srcset=\"http:\/\/bcfrutigen.ch\/wp-content\/uploads\/2023\/06\/allenbach-holzbau_solartechnik-logo_white-300x121.png 300w, http:\/\/bcfrutigen.ch\/wp-content\/uploads\/2023\/06\/allenbach-holzbau_solartechnik-logo_white-768x311.png 768w, http:\/\/bcfrutigen.ch\/wp-content\/uploads\/2023\/06\/allenbach-holzbau_solartechnik-logo_white-1024x414.png 1024w, http:\/\/bcfrutigen.ch\/wp-content\/uploads\/2023\/06\/allenbach-holzbau_solartechnik-logo_white.png 1926w\" sizes=\"auto, (max-width: 300px) 100vw, 300px\" \/><\/p>\n<h3>Allenbach Holzbau und Solartechnik AG<\/h3>\n<p><a href=\"https:\/\/www.solarholzbauer.ch\/\">Webseite<\/a><\/p>\n<p><img loading=\"lazy\" decoding=\"async\" class=\"alignnone size-medium wp-image-791\" src=\"http:\/\/bcfrutigen.ch\/wp-content\/uploads\/2023\/11\/40x10-blau-300x76.jpg\" alt=\"\" width=\"300\" height=\"76\" srcset=\"http:\/\/bcfrutigen.ch\/wp-content\/uploads\/2023\/11\/40x10-blau-300x76.jpg 300w, http:\/\/bcfrutigen.ch\/wp-content\/uploads\/2023\/11\/40x10-blau-768x193.jpg 768w, http:\/\/bcfrutigen.ch\/wp-content\/uploads\/2023\/11\/40x10-blau-1024x258.jpg 1024w, http:\/\/bcfrutigen.ch\/wp-content\/uploads\/2023\/11\/40x10-blau.jpg 1997w\" sizes=\"auto, (max-width: 300px) 100vw, 300px\" \/><\/p>\n<h3>Gerber Sportpreise Frutigen<\/h3>\n<p><a href=\"https:\/\/gerber-sportpreise.ch\/\">Webseite<\/a><\/p>\n<p><img loading=\"lazy\" decoding=\"async\" class=\"alignnone size-medium wp-image-706\" src=\"http:\/\/bcfrutigen.ch\/wp-content\/uploads\/2023\/05\/Schneiders-Backstube-300x113.jpg\" alt=\"\" width=\"300\" height=\"113\" srcset=\"http:\/\/bcfrutigen.ch\/wp-content\/uploads\/2023\/05\/Schneiders-Backstube-300x113.jpg 300w, http:\/\/bcfrutigen.ch\/wp-content\/uploads\/2023\/05\/Schneiders-Backstube-768x289.jpg 768w, http:\/\/bcfrutigen.ch\/wp-content\/uploads\/2023\/05\/Schneiders-Backstube-1024x385.jpg 1024w, http:\/\/bcfrutigen.ch\/wp-content\/uploads\/2023\/05\/Schneiders-Backstube.jpg 1516w\" sizes=\"auto, (max-width: 300px) 100vw, 300px\" \/><\/p>\n<h3>Schneider&#8217;s Backstube<\/h3>\n<p><a href=\"https:\/\/schneiders-backstube.ch\/\">Webseite<\/a><\/p>\n","protected":false},"excerpt":{"rendered":"<p>Wie werde ich Sponsor des BC Frutigen? Melde dich bei Beat unter info@bcfrutigen.ch Unsere Infrastruktur k\u00f6nnen wir nur unterhalten Dank der grossz\u00fcgigen Unterst\u00fctzung unserer Sponsoren. Vielen Dank! Unserer Sponsoren: SLF Webseite Dellendr\u00fcckzentrum AG Webseite Allenbach Holzbau und Solartechnik AG Webseite Gerber Sportpreise Frutigen Webseite Schneider&#8217;s Backstube Webseite<\/p>\n","protected":false},"author":2,"featured_media":0,"parent":0,"menu_order":0,"comment_status":"closed","ping_status":"closed","template":"","meta":{"footnotes":""},"class_list":["post-112","page","type-page","status-publish","format-standard","hentry"],"_links":{"self":[{"href":"http:\/\/bcfrutigen.ch\/index.php?rest_route=\/wp\/v2\/pages\/112","targetHints":{"allow":["GET"]}}],"collection":[{"href":"http:\/\/bcfrutigen.ch\/index.php?rest_route=\/wp\/v2\/pages"}],"about":[{"href":"http:\/\/bcfrutigen.ch\/index.php?rest_route=\/wp\/v2\/types\/page"}],"author":[{"embeddable":true,"href":"http:\/\/bcfrutigen.ch\/index.php?rest_route=\/wp\/v2\/users\/2"}],"replies":[{"embeddable":true,"href":"http:\/\/bcfrutigen.ch\/index.php?rest_route=%2Fwp%2Fv2%2Fcomments&post=112"}],"version-history":[{"count":37,"href":"http:\/\/bcfrutigen.ch\/index.php?rest_route=\/wp\/v2\/pages\/112\/revisions"}],"predecessor-version":[{"id":1246,"href":"http:\/\/bcfrutigen.ch\/index.php?rest_route=\/wp\/v2\/pages\/112\/revisions\/1246"}],"wp:attachment":[{"href":"http:\/\/bcfrutigen.ch\/index.php?rest_route=%2Fwp%2Fv2%2Fmedia&parent=112"}],"curies":[{"name":"wp","href":"https:\/\/api.w.org\/{rel}","templated":true}]}}